r of 44129?
False
Is 1611 a multiple of 16?
False
Is 13936 a multiple of 24?
False
Is 8859 a multiple of 3?
True
Is 88 a factor of 5456?
True
Is 82 a multiple of 82?
True
Is 11 a factor of 34309?
True
Is 10 a factor of 280?
True
Is 48 a factor of 6257?
False
Does 28 divide 224?
True
Is 221 a factor of 15990?
False
Is 5 a factor of 851?
False
Is 6460 a multiple of 20?
True
Does 12 divide 516?
True
Is 11 a factor of 44?
True
Does 60 divide 9840?
True
Is 8 a factor of 2368?
True
Does 65 divide 977?
False
Does 11 divide 10571?
True
Does 15 divide 5010?
True
Is 3696 a multiple of 79?
False
Is 1152 a multiple of 18?
True
Does 78 divide 8299?
False
Is 41 a factor of 654?
False
Is 29 a factor of 182?
False
Is 11 a factor of 5883?
False
Is 1272 a multiple of 106?
True
Does 21 divide 7955?
False
Is 7 a factor of 19570?
False
Is 12218 a multiple of 149?
True
Does 8 divide 550?
False
Does 18 divide 5497?
False
Is 15604 a multiple of 17?
False
Does 18 divide 4277?
False
Is 43 a factor of 301?
True
Is 5 a factor of 10330?
True
Does 101 divide 18079?
True
Is 6 a factor of 276?
True
Is 4 a factor of 20?
True
Is 7352 a multiple of 12?
False
Is 17 a factor of 78910?
False
Is 2124 a multiple of 12?
True
Is 351 a factor of 22308?
False
Is 46767 a multiple of 143?
False
Is 62 a factor of 464?
False
Is 18 a factor of 1638?
True
Does 3 divide 1000?
False
Is 40 a factor of 37400?
True
Is 45 a factor of 415?
False
Does 46 divide 2852?
True
Does 17 divide 1003?
True
Is 37 a factor of 1043?
False
Does 4 divide 9893?
False
Is 16259 a multiple of 29?
False
Is 2358 a multiple of 13?
False
Is 14 a factor of 26083?
False
Is 42 a multiple of 2?
True
Is 45 a factor of 9759?
False
Is 184 a factor of 55384?
True
Is 265 a factor of 23937?
False
Does 70 divide 84490?
True
Does 30 divide 3678?
False
Does 5 divide 10006?
False
Is 44 a multiple of 3?
False
Is 24 a factor of 1968?
True
Is 15452 a multiple of 36?
False
Is 672 a multiple of 112?
True
Is 4 a factor of 288?
True
Is 8 a factor of 296?
True
Does 5 divide 190?
True
Does 42 divide 1470?
True
Does 29 divide 29550?
False
Does 13 divide 2999?
False
Does 10 divide 4570?
True
Is 6272 a multiple of 38?
False
Is 25 a factor of 371?
False
Does 7 divide 641?
False
Is 22 a factor of 7903?
False
Does 35 divide 2940?
True
Does 4 divide 114?
False
Does 10 divide 2470?
True
Is 128 a factor of 1408?
True
Is 14 a factor of 238?
True
Is 59 a factor of 20119?
True
Is 5712 a multiple of 14?
True
Is 990 a multiple of 18?
True
Does 19 divide 15029?
True
Does 62 divide 2149?
False
Is 525 a multiple of 92?
False
Is 16 a factor of 1360?
True
Is 6 a factor of 6583?
False
Does 51 divide 445?
False
Is 134 a multiple of 43?
False
Is 32414 a multiple of 34?
False
Is 8 a factor of 2668?
False
Is 14249 a multiple of 87?
False
Is 26332 a multiple of 78?
False
Is 4 a factor of 3468?
True
Is 12123 a multiple of 2?
False
Does 84 divide 1599?
False
Does 15 divide 1790?
False
Does 14 divide 4424?
True
Is 7426 a multiple of 7?
False
Is 386 a multiple of 4?
False
Is 4862 a multiple of 26?
True
Is 157 a factor of 6751?
True
Is 78 a factor of 13136?
False
Is 6 a factor of 4309?
False
Does 10 divide 1210?
True
Does 49 divide 16611?
True
Does 58 divide 2030?
True
Is 204 a multiple of 4?
True
Does 17 divide 3568?
False
Does 53 divide 14994?
False
Does 150 divide 2893?
False
Does 12 divide 42168?
True
Does 4 divide 15522?
False
Is 4330 a multiple of 120?
False
Does 17 divide 17713?
False
Is 2915 a multiple of 55?
True
Is 954 a multiple of 20?
False
Is 1001 a multiple of 27?
False
Does 17 divide 1393?
False
Is 11 a factor of 934?
False
Is 44 a factor of 2765?
False
Does 13 divide 323?
False
Does 63 divide 13293?
True
Does 11 divide 27728?
False
Is 131 a factor of 15720?
True
Is 44644 a multiple of 5?
False
Is 319 a multiple of 86?
False
Is 21 a factor of 37065?
True
Is 9322 a multiple of 6?
False
Is 6 a factor of 38?
False
Is 70824 a multiple of 39?
True
Is 15444 a multiple of 54?
True
Is 49 a factor of 35280?
True
Is 55 a factor of 11220?
True
Is 1635 a multiple of 15?
True
Does 12 divide 2916?
True
Is 7157 a multiple of 11?
False
Does 303 divide 79689?
True
Is 105 a multiple of 21?
True
Is 18746 a multiple of 12?
False
Is 11297 a multiple of 85?
False
Does 37 divide 47693?
True
Is 129 a multiple of 2?
False
Is 5040 a multiple of 4?
True
Is 2542 a multiple of 60?
False
Is 16995 a multiple of 55?
True
Does 32 divide 1534?
False
Is 15 a factor of 1500?
True
Does 103 divide 19433?
False
Is 90411 a multiple of 293?
False
Does 12 divide 56196?
True
Does 75 divide 19412?
False
Is 101 a factor of 6463?
False
Is 104 a factor of 104?
True
Is 2 a factor of 378?
True
Is 1470 a multiple of 6?
True
Is 1087 a multiple of 84?
False
Does 189 divide 33020?
False
Does 79 divide 9164?
True
Does 4 divide 936?
True
Is 66 a factor of 72402?
True
Is 7 a factor of 4302?
False
Is 1900 a multiple of 50?
True
Is 48 a factor of 54618?
False
Does 56 divide 23072?
True
Is 38984 a multiple of 44?
True
Does 21 divide 8379?
True
Is 1872 a multiple of 24?
True
Is 672 a multiple of 53?
False
Is 40 a factor of 50686?
False
Is 18 a factor of 252?
True
Is 2496 a multiple of 96?
True
Does 44 divide 2906?
False
Is 2064 a multiple of 16?
True
Is 13 a factor of 193?
False
Does 97 divide 4330?
False
Is 109 a factor of 20319?
False
Is 59 a factor of 2139?
False
Does 17 divide 5045?
False
Does 147 divide 21076?
False
Is 1049 a multiple of 32?
False
Is 34 a factor of 1472?
False
Is 1154 a multiple of 20?
False
Does 8 divide 3744?
True
Does 18 divide 774?
True
Does 12 divide 3864?
True
Is 2500 a multiple of 4?
True
Is 12 a factor of 9835?
False
Is 664 a multiple of 22?
False
Is 5 a factor of 6365?
True
Is 3 a factor of 58?
False
Does 14 divide 87992?
False
Is 7 a factor of 273?
True
Does 22 divide 7018?
True
Is 66 a factor of 2970?
True
Is 986 a multiple of 29?
True
Does 8 divide 120?
True
Is 7707 a multiple of 40?
False
Is 36 even?
True
Is 30 a factor of 870?
True
Is 15 a factor of 7440?
True
Is 8649 a multiple of 11?
False
Does 12 divide 37776?
True
Is 2299 a multiple of 23?
False
Does 15 divide 7053?
False
Is 13 a multiple of 13?
True
Is 2613 a multiple of 30?
False
Does 6 divide 1200?
True
Is 8048 a multiple of 16?
True
Does 4 divide 62?
False
Does 26 divide 6637?
False
Does 37 divide 21682?
True
Is 12642 a multiple of 7?
True
Is 2 a factor of 119?
False
Does 12 divide 165?
False
Is 705 a multiple of 13?
False
Does 19 divide 133?
True
Is 10 a factor of 270?
True
Does 19 divide 2432?
True
Does 17 divide 39525?
True
Does 5 divide 240?
True
Is 23 a factor of 432?
False
Does 2 divide 523?
False
Does 24 divide 72?
True
Does 16 divide 2349?
False
Is 65 a factor of 5068?
False
Is 231 a multiple of 11?
True
Is 42 a factor of 174?
False
Is 25 a factor of 442?
False
Is 9724 a multiple of 11?
True
Does 19 divide 817?
True
Is 799 a multiple of 58?
False
Is 10272 a multiple of 16?
True
Is 2983 a multiple of 53?
False
Is 1179 a multiple of 19?
False
Is 3268 a multiple of 43?
True
Is 100 a multiple of 13?
False
Is 7510 a multiple of 19?
False
Does 5 divide 9460?
True
Is 20160 a multiple of 63?
True
Is 18 a factor of 288?
True
Is 16 a factor of 221?
False
Is 12318 a multiple of 66?
False
Does 17 divide 1751?
True
Does 11 divide 16093?
True
Is 6 a factor of 7668?
True
Is 6 a factor of 18997?
False
Is 40 a factor of 960?
True
Is 7 a factor of 128?
False
Does 45 divide 21195?
True
Is 8019 a multiple of 38?
False
Does 11 divide 561?
True
Is 9 a factor of 2016?
True
Is 266 a multiple of 7?
True
Is 169 a factor of 26871?
True
Is 23 a factor of 1748?
True
Is 2115 a multiple of 15?
True
Does 52 divide 2289?
False
Is 6664 a multiple of 34?
True
Does 9 divide 215?
False
Is 2 a factor of 1875?
False
Does 10 divide 19177?
False
Is 130 a factor of 3696?
False
Does 6 divide 10770?
True
Is 11 a factor of 6187?
False
Is 26980 a multiple of 76?
True
Does 27 divide 4833?
True
Is 9916 a multiple of 74?
True
Is 1072 a multiple of 2?
True
Does 9 divide 1869?
False
Does 4 divide 114?
False
Is 836 a multiple of 53?
False
Does 20 divide 19173?
False
Is 32 a factor of 1543?
False
Is 5 a factor of 26785?
True
Is 17 a factor of 5559?
True
Is 52 a multiple of 2?
True
Does 84 divide 8505?
False
Is 94 a factor of 969?
False
Does 3 divide 12923?
False
D